ue
Is 11863 composite?
False
Is 10393 a prime number?
False
Is 57949 a prime number?
False
Is 2719 prime?
True
Is 7433 a composite number?
False
Is 30211 a prime number?
True
Is 4967 prime?
True
Is 13033 a composite number?
False
Is 257993 prime?
True
Is 94279 a composite number?
True
Is 5779 a prime number?
True
Is 30963 a composite number?
True
Is 47986 composite?
True
Is 36289 composite?
True
Is 433277 a composite number?
True
Is 66773 composite?
True
Is 28079 prime?
False
Is 75037 composite?
False
Is 247727 a composite number?
True
Is 3817 a prime number?
False
Is 126533 a prime number?
False
Is 403477 a prime number?
False
Is 10357 prime?
True
Is 250039 composite?
True
Is 18503 composite?
False
Is 215953 a composite number?
False
Is 2845127 a prime number?
True
Is 3691 composite?
False
Is 269455 a prime number?
False
Is 28201 prime?
True
Is 138863 a prime number?
True
Is 41117 prime?
True
Is 20179 prime?
False
Is 101713 prime?
False
Is 1481 a prime number?
True
Is 971 prime?
True
Is 38029 a prime number?
False
Is 58385 composite?
True
Is 584213 a composite number?
True
Is 164659 a composite number?
True
Is 27769 prime?
False
Is 22901 composite?
False
Is 88499 a composite number?
False
Is 31895 a prime number?
False
Is 230711 composite?
True
Is 12134 composite?
True
Is 598985 a prime number?
False
Is 298169 a composite number?
False
Is 1655 prime?
False
Is 2149 a prime number?
False
Is 1949 a prime number?
True
Is 1710985 composite?
True
Is 46493 composite?
True
Is 41763 a composite number?
True
Is 88933 a prime number?
False
Is 220511 prime?
True
Is 557 a composite number?
False
Is 70429 composite?
False
Is 123169 a prime number?
True
Is 348883 a prime number?
True
Is 3622 a prime number?
False
Is 12581 prime?
False
Is 3991 a prime number?
False
Is 2279 prime?
False
Is 6181 a prime number?
False
Is 9411 prime?
False
Is 6389 prime?
True
Is 93563 prime?
True
Is 55067 a composite number?
True
Is 139589 prime?
True
Is 797 a prime number?
True
Is 18553 a composite number?
False
Is 93593 a prime number?
False
Is 2018 composite?
True
Is 247397 prime?
False
Is 193213 a composite number?
True
Is 382537 a prime number?
False
Is 32197 a composite number?
True
Is 924959 a composite number?
True
Is 1509 composite?
True
Is 14459 composite?
True
Is 3137 a prime number?
True
Is 323041 composite?
True
Is 6541 a composite number?
True
Is 9091 a composite number?
False
Is 217405 prime?
False
Is 60369 prime?
False
Is 195527 prime?
True
Is 11351 prime?
True
Is 245227 prime?
False
Is 1430233 prime?
False
Is 41163 a prime number?
False
Is 238561 prime?
False
Is 770639 composite?
False
Is 16519 prime?
True
Is 22107 a prime number?
False
Is 60209 a prime number?
True
Is 24933 composite?
True
Is 32245 composite?
True
Is 47737 composite?
False
Is 159913 composite?
True
Is 239 composite?
False
Is 338683 a prime number?
True
Is 76801 prime?
True
Is 846179 prime?
True
Is 22669 a composite number?
False
Is 148729 a prime number?
False
Is 7273 a composite number?
True
Is 2433 composite?
True
Is 239779 a composite number?
False
Is 12781 composite?
False
Is 2041 a prime number?
False
Is 29287 a composite number?
False
Is 14227 a prime number?
False
Is 224137 prime?
False
Is 37477 a composite number?
True
Is 25649 a prime number?
False
Is 4920613 composite?
False
Is 3527 prime?
True
Is 1800083 a composite number?
False
Is 72613 a prime number?
True
Is 3649 prime?
False
Is 160193 a prime number?
False
Is 3989 a prime number?
True
Is 80689 a composite number?
True
Is 458 prime?
False
Is 108001 a composite number?
True
Is 51605 a composite number?
True
Is 23642 composite?
True
Is 106871 prime?
True
Is 972721 a composite number?
False
Is 1941469 prime?
True
Is 34667 a prime number?
True
Is 459209 a composite number?
False
Is 571289 composite?
True
Is 64219 composite?
True
Is 77611 prime?
True
Is 5449 a prime number?
True
Is 15107 composite?
False
Is 24441 prime?
False
Is 265479 a prime number?
False
Is 13373 a composite number?
True
Is 274937 a prime number?
False
Is 87719 a prime number?
True
Is 1835591 a prime number?
True
Is 27533 composite?
True
Is 7323 a composite number?
True
Is 13217 a prime number?
True
Is 3840523 a composite number?
False
Is 7481 a prime number?
True
Is 2269247 prime?
False
Is 683159 a prime number?
True
Is 4853 a prime number?
False
Is 1381 prime?
True
Is 18529 a composite number?
True
Is 122369 composite?
True
Is 11413 composite?
True
Is 439 prime?
True
Is 20477 prime?
True
Is 83101 prime?
True
Is 164953 a prime number?
True
Is 107419 prime?
False
Is 28727 a composite number?
True
Is 667631 composite?
False
Is 7737 prime?
False
Is 34779 prime?
False
Is 3127 prime?
False
Is 84947 a composite number?
False
Is 82609 composite?
False
Is 239281 prime?
False
Is 7789 composite?
False
Is 1909 prime?
False
Is 24807 a composite number?
True
Is 6263 prime?
True
Is 17377 a composite number?
False
Is 3612529 a prime number?
True
Is 215089 a prime number?
False
Is 4507 prime?
True
Is 2427 composite?
True
Is 3147 composite?
True
Is 1628749 a composite number?
True
Is 24599 a composite number?
True
Is 10174 composite?
True
Is 524137 composite?
True
Is 291223 a prime number?
False
Is 78059 a composite number?
False
Is 209351 composite?
True
Is 58451 a composite number?
False
Is 27787 prime?
False
Is 1131181 composite?
False
Is 50207 a prime number?
True
Is 10799 a composite number?
False
Is 214099 a composite number?
True
Is 2705 prime?
False
Is 385709 a prime number?
True
Is 2333 prime?
True
Is 89491 prime?
True
Is 14983 prime?
True
Is 106247 composite?
True
Is 617483 prime?
False
Is 23269 a composite number?
False
Is 17455 prime?
False
Is 230471 prime?
True
Is 58831 a prime number?
True
Is 135973 a composite number?
True
Is 24781 composite?
False
Is 7411 a composite number?
False
Is 27941 composite?
False
Is 49835 a composite number?
True
Is 14005 a prime number?
False
Is 2503 prime?
True
Is 4691 a prime number?
True
Is 59333 prime?
True
Is 158837 a composite number?
True
Is 56717 composite?
True
Is 12001 prime?
False
Is 1003049 a prime number?
True
Is 46679 a composite number?
False
Is 31673 prime?
False
Is 521 composite?
False
Is 47423 a composite number?
True
Is 219169 a prime number?
True
Is 2411 prime?
True
Is 24751 a prime number?
False
Is 26591 a prime number?
True
Is 233713 a prime number?
True
Is 49003 a composite number?
False
Is 327941 prime?
True
Is 294499 a composite number?
False
Is 13682 a prime number?
False
Is 24538 a composite number?
True
Is 25523 a composite number?
False
Is 239273 prime?
True
Is 255155 a composite number?
True
Is 54101 a composite number?
False
Is 552437 a prime number?
False
Is 15227 a composite number?
False
Is 20693 a composite number?
False
Is 27557 composite?
True
Is 3083 a prime number?
True
Is 128509 prime?
True
Is 46357 prime?
False
Is 43163 a prime number?
False
Is 74839 composite?
True
Is 1657 prime?
True
Is 50669 composite?
True
Is 714353 a prime number?
False
Is 5923 composite?
False
Is 893 a prime number?
False
Is 2497621 a composite number?
True
Is 637139 composite?
False
Is 30737 a prime number?
False
Is 1464413 a composite number?
True
Is 65359 a prime number?
False
Is 82153 composite?
False
Is 18505 prime?
False
Is 1901 a composite number?
False
Is 3433 a composite number?
False
Is 554537 prime?
False
Is 1522559 a prime number?
False
Is 2814373 prime?
False
Is 24593 a composite number?
False
Is 2027 prime?
True
Is 7941 composite?
True
Is 20563 a composite number?
False
Is 1009 a prime number?
True
Is 22897 a composite number?
True
Is 29335 a composite number?
True
Is 5851 prime?
True
Is 4251931 a composite number?
False
Is 9527 prime?
False
Is 87287 prime?
False
Is 64282 prime?
False
Is 5669 composite?
False
Is 1937 prime?
False
Is 1543 composite?
False
Is 37463 a composite number?
False
Is 71477 prime?
False
Is 54357 composite?
True
Is 17621 prime?
False
Is 214399 composite?
False
Is 639605 prime?
False
Is 908626 composite?
True
Is 380503 a prime number?
True
Is 2497 prime?
False
Is 3593 composite?
False
Is 35363 composite?
False
Is 2629 composite?
True
Is 19286 composite?
True
Is 8069 composite?
False
Is 8761 composite?
False
Is 36433 a composite number?
False
Is 42611 composite?
False
Is 20695 a prime 